11
List the prime factors of 1655928127.
7, 3929, 60209
What are the prime factors of 2844624832?
2, 7, 263, 3449
List the prime factors of 307598723.
37, 8313479
List the prime factors of 107430125.
5, 11, 23, 43, 79
What are the prime factors of 362204441?
71, 5101471
What are the prime factors of 111743283?
3, 43, 331, 2617
List the prime factors of 31435433.
47, 199, 3361
List the prime factors of 335228635.
5, 7, 1831, 5231
List the prime factors of 19544225.
5, 239, 3271
List the prime factors of 4595423262.
2, 3, 765903877
List the prime factors of 1333626273.
3, 7, 23, 920377
What are the prime factors of 6318531763?
17, 371678339
What are the prime factors of 17499347?
17499347
What are the prime factors of 49367295?
3, 5, 1097051
What are the prime factors of 48491460?
2, 3, 5, 37, 809
What are the prime factors of 140107117?
67, 2091151
What are the prime factors of 85288973?
7, 11, 47, 23567
List the prime factors of 125205648.
2, 3, 839, 3109
What are the prime factors of 6548017?
7, 133633
List the prime factors of 12125420.
2, 5, 17, 19, 1877
List the prime factors of 874811523.
3, 291603841
What are the prime factors of 5277162?
2, 3, 11, 37, 2161
List the prime factors of 1755926815.
5, 47, 739, 10111
What are the prime factors of 4269631296?
2, 3, 7, 3176809
What are the prime factors of 3628311?
3, 1209437
What are the prime factors of 110108815?
5, 1297, 16979
What are the prime factors of 53904479?
23, 809, 2897
List the prime factors of 186583884.
2, 3, 3517, 4421
List the prime factors of 28702577.
28702577
List the prime factors of 309417006.
2, 3, 71, 726331
List the prime factors of 1037642215.
5, 53, 3915631
List the prime factors of 2425530169.
2425530169
What are the prime factors of 801269989?
13, 31, 1988263
List the prime factors of 552752519.
11, 1307, 38447
What are the prime factors of 2535332501?
13, 887, 219871
List the prime factors of 732556509.
3, 23, 1307, 8123
What are the prime factors of 118076215?
5, 83, 284521
List the prime factors of 60627873.
3, 20209291
What are the prime factors of 2669825998?
2, 7, 709, 268973
List the prime factors of 39230552.
2, 4903819
List the prime factors of 1012245106.
2, 587, 862219
What are the prime factors of 882220025?
5, 2381, 14821
List the prime factors of 707031980.
2, 5, 35351599
What are the prime factors of 104338807?
104338807
List the prime factors of 5602767705.
3, 5, 107, 397, 977
List the prime factors of 1325440416.
2, 3, 13806671
What are the prime factors of 7978977686?
2, 19, 113, 1858169
What are the prime factors of 799031961?
3, 7, 13, 975619
What are the prime factors of 319330197?
3, 127, 491, 569
What are the prime factors of 1300275692?
2, 325068923
List the prime factors of 406319483.
263, 1544941
What are the prime factors of 28003685?
5, 5600737
What are the prime factors of 11662157?
13, 47, 19087
What are the prime factors of 826811398?
2, 7, 37, 228023
List the prime factors of 97595433.
3, 13, 834149
What are the prime factors of 128430637?
43, 683, 4373
What are the prime factors of 985935406?
2, 492967703
What are the prime factors of 6277416561?
3, 13, 41, 1308613
List the prime factors of 1755428883.
3, 13, 73, 616589
What are the prime factors of 4660525161?
3, 53, 3256831
What are the prime factors of 509474010?
2, 3, 5, 499, 34033
What are the prime factors of 188452574?
2, 43, 859, 2551
What are the prime factors of 3345994165?
5, 669198833
What are the prime factors of 212462500?
2, 5, 23, 739
What are the prime factors of 33743745?
3, 5, 7, 107123
What are the prime factors of 460409549?
83, 89, 62327
List the prime factors of 181730428.
2, 11, 53, 77929
List the prime factors of 49520244.
2, 3, 593, 6959
List the prime factors of 24744491.
1877, 13183
List the prime factors of 1185197515.
5, 229, 1035107
List the prime factors of 34995370.
2, 5, 53, 66029
List the prime factors of 4018276680.
2, 3, 5, 11, 733, 4153
What are the prime factors of 6634008?
2, 3, 30713
List the prime factors of 143866199.
143866199
List the prime factors of 688270741.
5279, 130379
List the prime factors of 43242700.
2, 5, 41, 53, 199
List the prime factors of 53332514.
2, 26666257
What are the prime factors of 71528012?
2, 313, 57131
What are the prime factors of 801404793?
3, 7, 37, 114601
What are the prime factors of 2684514053?
13, 563, 366787
What are the prime factors of 101046369?
3, 2423, 13901
List the prime factors of 8953139.
13, 353, 1951
What are the prime factors of 275183546?
2, 11, 23, 543841
What are the prime factors of 13760369?
7, 1965767
List the prime factors of 96674481.
3, 1223, 8783
List the prime factors of 2019805652.
2, 383, 1318411
What are the prime factors of 3263901869?
3263901869
List the prime factors of 119264427.
3, 47, 93983
List the prime factors of 2399054118.
2, 3, 359, 1019, 1093
List the prime factors of 71480064.
2, 3, 163, 571
List the prime factors of 58659928.
2, 17, 181, 2383
What are the prime factors of 21913160?
2, 5, 263, 2083
List the prime factors of 300355360.
2, 5, 1877221
What are the prime factors of 57206863?
7, 997, 1171
What are the prime factors of 1180827295?
5, 19, 47, 264463
List the prime factors of 207913468.
2, 7, 17, 23, 2713
What are the prime factors of 690612359?
690612359
List the prime factors of 1216259496.
2, 3, 109, 51659
List the prime factors of 6783032672.
2, 13, 23, 2371
What are the prime factors of 257536754?
2, 19, 61, 111103
What are the prime factors of 4032409578?
2, 3, 1789, 375667
List the prime factors of 805902128.
2, 50368883
What are the prime factors of 4902234?
2, 3, 817039
What are the prime factors of 3301850298?
2, 3, 47, 73, 107, 1499
What are the prime factors of 473479246?
2, 236739623
List the prime factors of 3751220942.
2, 7, 267944353
What are the prime factors of 43482055?
5, 8696411
What are the prime factors of 672298759?
11, 61118069
List the prime factors of 37545178.
2, 11, 19, 89821
What are the prime factors of 239605473?
3, 79868491
List the prime factors of 259114145.
5, 37, 71, 19727
What are the prime factors of 262265682?
2, 3, 7, 199, 31379
What are the prime factors of 103573576?
2, 12946697
What are the prime factors of 4153301804?
2, 41, 25325011
List the prime factors of 133886915.
5, 26777383
List the prime factors of 1023797119.
1023797119
List the prime factors of 531465016.
2, 17, 3907831
List the prime factors of 1174793292.
2, 3, 32633147
What are the prime factors of 4696211874?
2, 3, 19, 41194841
List the prime factors of 31514100.
2, 3, 5, 73, 1439
What are the prime factors of 703154102?
2, 7, 17, 2954429
List the prime factors of 220238630.
2, 5, 22023863
What are the prime factors of 6476231020?
2, 5, 7, 463, 2039
What are the prime factors of 158115467?
37, 4273391
What are the prime factors of 7343015544?
2, 3, 61, 1671907
List the prime factors of 268394809.
53, 5064053
List the prime factors of 12424211.
31, 179, 2239
What are the prime factors of 1820380634?
2, 29, 701, 44773
What are the prime factors of 1302901588?
2, 4507, 72271
What are the prime factors of 1346338534?
2, 23, 709, 41281
What are the prime factors of 45113521?
45113521
What are the prime factors of 1242214539?
3, 12071, 34303
What are the prime factors of 103742669?
41, 2530309
List the prime factors of 202397624.
2, 11, 13, 176921
List the prime factors of 798992.
2, 49937
What are the prime factors of 36817026?
2, 3, 31, 131, 1511
List the prime factors of 279046797.
3, 93015599
List the prime factors of 1299017335.
5, 7, 11, 31, 3511
What are the prime factors of 40602618?
2, 3, 7, 322243
What are the prime factors of 342324571?
23, 14883677
What are the prime factors of 229513762?
2, 3691, 31091
List the prime factors of 2936069.
2936069
List the prime factors of 10398855.
3, 5, 693257
List the prime factors of 21571430.
2, 5, 61, 35363
List the prime factors of 63154038.
2, 3, 103, 102191
List the prime factors of 1202915557.
1202915557
List the prime factors of 412520654.
2, 7, 13, 191, 11867
What are the prime factors of 458881661?
7, 65554523
What are the prime factors of 26751142?
2, 11, 73, 16657
What are the prime factors of 4134830307?
3, 109, 12644741
What are the prime factors of 739865743?
53, 13959731
What are the pr